 be (-3 - (-21)/1)*f. Let h = 32 + r. What are the prime factors of h?
2, 7
Let v(m) = 5*m + 5. Let y(c) = 3*c + 3. Let f(i) = -5*v(i) + 8*y(i). Let t be f(-2). List the prime factors of 2 + 88/4*t.
2, 3
Let w(y) = y + 5. Let u be w(-10). Let b be 43/u - 21/(-35). List the prime factors of (-39)/(3*2/b).
2, 13
Let c(x) = -x**3 + 7*x**2 + 2*x - 13. Let h be c(7). Let z(f) be the second derivative of 29*f**4/12 - f**2/2 - f. List the prime factors of z(h).
2, 7
Let b be ((-648)/((-8)/(-2)))/(-2). Let j = 87 - b. List the prime factors of j.
2, 3
Let f = 2793 - 1436. List the prime factors of f.
23, 59
Suppose -7768 = -3*f - 868. What are the prime factors of f?
2, 5, 23
Let u(p) = -p**3 + 15*p**2 - 3*p + 8. What are the prime factors of u(6)?
2, 157
Suppose 3*s = 66 - 54. Suppose -s*l = -4*k + 360, k - l + 94 = 2*k. What are the prime factors of k?
2, 23
Let k be -26*3/12*-2. Let h = k + -13. Suppose w + 5*z - 44 = h, -2*z + 3 = -5. List the prime factors of w.
2, 3
Let i(b) = 65*b**2 + 67*b**2 - b**3 - 9*b - 138*b**2. Let t(s) = -3*s. Let w be t(2). List the prime factors of i(w).
2, 3
Suppose -8 = -5*m + m. Let n be m/5 - 18/(-5). Suppose 0 = n*v + 4*t - 60, 3*v - 6*v + 49 = 5*t. List the prime factors of v.
13
Let r be (0 - -1)/(((-4)/1)/(-80)). Let y(j) = 6*j - 16. What are the prime factors of y(r)?
2, 13
Suppose 12 = 3*s - 618. Let n = s + -112. Let a = 171 - n. What are the prime factors of a?
73
Let g(n) = n**3 + 146. Let h = 32 + -32. List the prime factors of g(h).
2, 73
Let i(a) = 2*a**2 + 5*a + 3. Let l(n) = -2*n**2 - 14*n - 8. Let d be l(-6). List the prime factors of i(d).
5, 11
Let x = -570 + 631. List the prime factors of x.
61
Suppose -24 + 6 = 9*o. List the prime factors of ((-15)/(-20))/((-14)/8 - o).
3
Let v = 38 + -37. Let h = 89 + v. List the prime factors of h.
2, 3, 5
What are the prime factors of -6 + (-1196)/(-28) + 4/14?
37
Suppose 0 = 6*x - 33 + 15. Let m = 13 + -7. Suppose -m = -3*y - x, -5*t + 158 = -2*y. What are the prime factors of t?
2
Suppose 17005 = 14*r + 2263. What are the prime factors of r?
3, 13
What are the prime factors of (2 + 6 + -7)*(1 - -466)?
467
Let o(k) = -k + 22. Let x be o(22). Let l(s) = s**2 - 3*s + 88. List the prime factors of l(x).
2, 11
Let x(z) = -11*z - 19. Let f(y) = -5*y - 9. Let u(w) = -13*f(w) + 6*x(w). Let c be u(5). List the prime factors of (c/6)/((-2)/24).
2
Suppose 5*r + 66 = t, 3*t - 234 = -4*r - 55. Let i = t - 23. Let v = -22 + i. List the prime factors of v.
2
Suppose -10*x - 32 - 28 = 0. What are the prime factors of 12/(-3) + (111 - x/(-2))?
2, 13
Let y(x) = x**3 - 5*x**2 + 5*x + 86. What are the prime factors of y(10)?
2, 3, 53
Let p = 1384 + -742. What are the prime factors of p?
2, 3, 107
Suppose 0 = 3*z - 2*m - 10, -3*z + 8*z = 5*m + 20. Let t be 3 - 2/(z/(-2)). What are the prime factors of (-36)/(2 - (t + -2))?
2, 3
Let q(d) = -d**2 + d + 4. Let x = -10 - -14. Let f be q(x). List the prime factors of (-4)/(-24)*-3*f.
2
Suppose -8*i + 550 = -3*i. What are the prime factors of (2*i)/4 + -4?
3, 17
Let d = 58 + 32. Suppose -59 = 2*o - o. Let i = d + o. List the prime factors of i.
31
Let f(v) = 28 + v + 6*v + 0*v. What are the prime factors of f(8)?
2, 3, 7
Suppose 0 = 2*g - 4*g + a + 3, 4*a + 3 = -g. Let n be (-1 + 4)*-5*g. Let m = -8 - n. List the prime factors of m.
7
Let c be -10*(3/(-2) - -1). Suppose c*f = -1009 - 391. List the prime factors of f/(-45) + 2/(-9).
2, 3
Suppose 2*o - 268 = 406. What are the prime factors of o?
337
What are the prime factors of ((-21)/2)/((-29)/2842)?
3, 7
Suppose -m - 113 = -s, 254 = 2*s + 3*m + 23. What are the prime factors of (-2 - s/(-2)) + (-2)/2?
2, 3
Let x be (-4)/(-2) - (20 + -7). Let n = x - -13. Suppose 0*v = -5*q + v + 62, n*v = -4. What are the prime factors of q?
2, 3
Let o = -8 + 12. Let y = o + -2. Suppose y*l - 64 = -4*z, -2*l = 2*l - 2*z - 128. What are the prime factors of l?
2
Let h(g) = g - 2. Let d be h(-1). List the prime factors of 5*d/(-15) + 64.
5, 13
Let m = 28 - 25. Suppose -5*u + 120 = 5*h, -3*h + m*u = -7*h + 100. What are the prime factors of h?
2, 7
Let q = 348 + -167. Let p = q + -86. List the prime factors of p.
5, 19
Let o be (-3 - 9)*2*15/(-12). Suppose -w = 23 - o. What are the prime factors of w?
7
Let h(m) = 8*m**3 - 2*m**2 - 9*m + 15. List the prime factors of h(5).
2, 5, 23
Suppose y - 218 = 75. What are the prime factors of y?
293
Let h be 1*(-4 + 1/1). Let x = 13 + h. List the prime factors of x.
2, 5
Let c(f) = -367*f - 4. What are the prime factors of c(-2)?
2, 5, 73
Let b(u) = u**3 - u**2 - 4*u - 3. Let s be b(4). Suppose 4*t - 144 = 100. Let r = t - s. List the prime factors of r.
2
Suppose -10554 + 3414 = -20*v. List the prime factors of v.
3, 7, 17
Let d(r) = -15*r - 9 - 7*r - 12*r - 3*r. List the prime factors of d(-3).
2, 3, 17
Let y be 2/(-7) - 1755/(-189). Suppose 4 = 2*z, y*s - 935 = 4*s - 5*z. List the prime factors of s.
5, 37
Let b(g) = g + 12. Let n be b(6). Suppose n*t - 19*t = -4. Suppose 9*h = t*h + 10. List the prime factors of h.
2
Let a be (-28)/(-6)*(-24)/16. Let d = a - 7. List the prime factors of (-100)/(-35)*d/(-4).
2, 5
Let c = 26 + -14. Suppose -s + c = 2*s. What are the prime factors of (2/s)/((-2)/(-12))?
3
Let z be (38/(-6) - 0)/(2/6). Let a = 174 - z. List the prime factors of a.
193
Let z be (-6)/30 + (-42)/(-10). List the prime factors of 32 + 3 + z + -2.
37
Suppose -2*i - 72 = -252. List the prime factors of i.
2, 3, 5
Suppose -3633 - 2190 = -5*u + 2*w, -4*u + 2*w = -4660. What are the prime factors of u?
1163
Let q(z) = z**2 - 6*z + 7. Suppose 25 = 3*b + 2*b - 3*p, 2*p = 0. Let y be q(b). Suppose -6*o = -5*o - y. What are the prime factors of o?
2
Suppose -462 = -17*m + 31. Suppose 5*i + 5*k + m = 799, -i = 2*k - 157. What are the prime factors of i?
151
Let o be -7 - 2/6*-3. List the prime factors of -1*(3 + o)/1 - -116.
7, 17
Let h = 4 + -10. Let c be (h/(-24))/((-1)/(-12)). Suppose -48 - 48 = -c*d. What are the prime factors of d?
2
Let j = -52 + 1744. What are the prime factors of j?
2, 3, 47
Let f be (50/4)/(-5 + 726/144). Suppose -f + 16 = -4*v. List the prime factors of v.
71
Suppose 0 = -24*n + 1903 + 2225. List the prime factors of n.
2, 43
Suppose 12*q = 17*q + s - 459, -456 = -5*q - 4*s. List the prime factors of q.
2, 23
Let n = -491 + 823. List the prime factors of n.
2, 83
Let o(h) = -97*h - 46. Let d be o(-22). Suppose 10*c - d + 438 = 0. What are the prime factors of c?
3, 5, 11
Let t be 32 + -33 + 1/((-1)/64). Let q = 12 - t. List the prime factors of q.
7, 11
Let d = -1483 - -2674. List the prime factors of d.
3, 397
Suppose 0 = -4*o + 3*o + 20. Suppose 8 = b + b. Suppose 6*m - m - o = 0, 0 = -b*a + m + 84. List the prime factors of a.
2, 11
Suppose 20 = -4*n - 256. Let x = -41 - n. List the prime factors of x.
2, 7
Let w be -3 + 9*(-4)/(-12). Suppose w = -5*d - 4*f + 1192, d + 0*f + 4*f = 232. List the prime factors of d.
2, 3, 5
Suppose -m = -4 + 1. Let b be (12/(-3) + 4)/3 + 5. List the prime factors of m/(6/b)*14.
5, 7
Suppose -c + 0 - 2 = 0, -4*o + 10590 = -3*c. What are the prime factors of o?
2, 3, 7
Suppose 54 = 408*q - 407*q. Suppose -h - 2*m = -5*m + 31, 0 = m + 2. Let z = q + h. What are the prime factors of z?
17
Let z = -1979 + 2197. What are the prime factors of z?
2, 109
Let k = 977 - 567. List the prime factors of k.
2, 5, 41
Let g be (0/(-4))/((-6)/3). Let c be (2 - 1) + g + -1. Suppose 0 = 2*p + 5*f - 39, 2*p - 2*f = -c*f + 60. What are the prime factors of p?
3
Suppose 4*a = 1433 + 967. What are the prime factors of a?
2, 3, 5
Let a(z) = -z**2 + 5*z - 1. Let d be a(2). Suppose -d*b + 6*b = 5. Suppose x - 2*x = -2*h, -b = -5*h. List the prime factors of x.
2
Let g be (-2)/(-3) + 63/27. Suppose 4*u - 39 = g*u. Suppose 111 + u = 5*l. List the prime factors of l.
2, 3, 5
Suppose -2361 - 2666 = -3*q - m, -5*q + 8375 = 5*m. List the prime factors of q.
2, 419
List the prime factors of (297640/175)/((-2)/(-5)).
2, 1063
Let p be (-1573)/78 + (-1)/(-6). Let h be 6/15 + (-512)/p. Let o = h + -9. What are the prime factors of o?
17
Suppose -5*s + 0*s + 2784 = 3*x, -3*s + 1671 = 2*x. What are the prime factors of s?
3, 5, 37
List the prime factors of ((-744)/(-992))/(6/4072 - 0).
509
Suppose -17*d = -19*d. Suppose 6*j - 85 - 29